 are the prime factors of j?
3
Suppose -3*z = -3*x + 102, 5*x = -4*z + 10 + 124. Let h be (10/15)/(1/x). Suppose 5*n - h = 3*n. What are the prime factors of n?
2, 5
Let b(p) = 14*p**2 + 10 + 39*p**2 - 3*p - 11. List the prime factors of b(-1).
5, 11
Suppose -10 = 5*y, -5*y = -g - 0*y + 42. Suppose 4*p - g = -0*p. List the prime factors of p.
2
Suppose -2*h - f + 4*f + 106 = 0, -4*f - 220 = -4*h. List the prime factors of h.
59
Let p(c) = 6*c**2 - 1. Let w be p(-1). Let x(j) = 11*j - 9. Let s be x(7). Suppose 0*i - i = 2, w*q = 4*i + s. List the prime factors of q.
2, 3
Suppose 0 = -b + 11 + 7. Suppose 4 = x + 4*l - b, 2*l = -x + 16. Suppose -2*k + 2*t + 2 = -0*k, -k + x = 2*t. What are the prime factors of k?
2
Let v = 19 - 7. List the prime factors of v.
2, 3
Suppose -6*o + 24 = -4*o. Suppose 60 - o = v. List the prime factors of v.
2, 3
Let x(s) = -4*s + 6. Let w be x(-10). List the prime factors of (-2)/(-5)*(9 + w).
2, 11
List the prime factors of ((-765)/5)/(2/(-2)).
3, 17
Let n = 4 + -9. List the prime factors of -2 - n/(10/8).
2
Let d(r) = r**3 + r**2 + r + 9. List the prime factors of d(0).
3
Let q be (0*3/6)/1. Let t(d) = d**3 + d**2 - d - 22. Let f be t(q). Let n = -14 - f. What are the prime factors of n?
2
Let f = -58 + 186. Suppose -2*t - 137 = -5*q + 75, t = 3*q - f. List the prime factors of q.
2, 11
Let h(v) = 2*v**2 - 6*v + 2. Let r be h(4). Suppose 0 = -3*z + 5*j - 2 - r, 4*j - 16 = -4*z. List the prime factors of (6/(-3) + z)*-9.
3
Suppose 0 = a + 5 - 15. Let n = a - 0. What are the prime factors of n?
2, 5
List the prime factors of (-12)/(-2)*40/6.
2, 5
Suppose 41 = 2*a + j - 51, -2*j - 168 = -4*a. What are the prime factors of a?
2, 11
Let l = -105 - -148. List the prime factors of l.
43
Let b(c) = 17*c + 9. Let t be b(-6). Let m = t - -135. List the prime factors of m.
2, 3, 7
Suppose -3 = 4*x + 5*h, -1 - 11 = 4*h. List the prime factors of x.
3
Let r(u) be the third derivative of 5*u**4/8 + 3*u**2. List the prime factors of r(1).
3, 5
Suppose -s + 6 = -2*z - 4, 2*z - 62 = -3*s. List the prime factors of s.
2, 3
Let j(m) = m**2 - 2*m + 1. List the prime factors of j(-5).
2, 3
Let h = 670 - 279. List the prime factors of h.
17, 23
Let g(s) = s - 1. Let a be g(0). What are the prime factors of (14/2 - a) + -2?
2, 3
Let h(m) be the second derivative of -m**7/168 - m**6/360 + m**3/6 + 3*m. Let u(n) be the second derivative of h(n). List the prime factors of u(-1).
2
Let o = -1 + 2. Let w(i) be the first derivative of 5*i**3/3 + 1. List the prime factors of w(o).
5
Suppose -s + 2*c = 2*s - 47, 3*s - c = 52. What are the prime factors of s?
19
Let t be 44/7 - 6/21. Let o = t - -1. Let s = -4 + o. What are the prime factors of s?
3
Let t(i) = i**2. Let n be t(0). Suppose -8 = -k - n*k. What are the prime factors of k?
2
Suppose 5 = -3*r - 1. List the prime factors of (-193)/(-5) - r/5.
3, 13
Suppose 4*b - 2*t + 961 = 357, -t = 2*b + 310. List the prime factors of (2/(-3))/(6/b).
17
Let p = -5 + 19. What are the prime factors of p?
2, 7
Let g be 2/6 - (-102)/18. Let n = 0 + g. Suppose -26 = -5*i - n. What are the prime factors of i?
2
Let l(v) = -v + 5. Let o be l(0). Suppose r - 28 = -2*r - o*w, r - 10 = -w. What are the prime factors of r?
11
Let o(n) = 8*n**2 - 2*n - 2. List the prime factors of o(-3).
2, 19
Let h = 23 + 8. Suppose -2*c + 37 + h = 0. What are the prime factors of c?
2, 17
Suppose -4*i - i = -15. List the prime factors of (-41)/(-4) + i/(-12).
2, 5
Let n = 6 - -2. List the prime factors of n.
2
Suppose -267 - 43 = -5*v. List the prime factors of v.
2, 31
Let q(b) = -b + 7. Let w be q(5). Suppose 3*s = v - w, s - 5*s - 12 = v. What are the prime factors of (-54)/(-12) - (-1)/s?
2
Suppose 0 = 3*q + 7*q - 1910. What are the prime factors of q?
191
Suppose -4 = 3*k - 5*k. Let i = 21 - 15. Suppose 12 = 2*r + k*t + 2*t, 0 = -r - t + i. What are the prime factors of r?
2, 3
Suppose 0 = -2*o + 5*o, 5*s + 4*o - 100 = 0. Suppose -5*n + 5 = -s. What are the prime factors of n?
5
Let m(s) = -7*s + 13. Let b(c) = -3*c + 7. Let h(w) = -5*b(w) + 3*m(w). List the prime factors of h(-6).
2, 5
Suppose 0 = -7*r + 2*r - 15, -b = -4*r - 12. Let o(u) = -u**2 - 4. Let n be o(b). Let z = n - -7. What are the prime factors of z?
3
List the prime factors of 1/4 - 8/(128/(-252)).
2
Suppose 0 = -4*w - 2*q - 14, -w + 0*w + q = 11. Let g(c) = -4*c + 8. List the prime factors of g(w).
2
Let x = -1 - -2. Suppose -2*f - x = -5. What are the prime factors of (f*1)/(4/22)?
11
Let s(q) be the second derivative of q**5/20 + q**4/3 + q**3/2 + 2*q**2 - 3*q. Let k = 5 - 8. List the prime factors of s(k).
2
Let q = -41 + 162. List the prime factors of q.
11
Let j(g) = g + 27. List the prime factors of j(-13).
2, 7
Suppose 2*m + 18 = 4*f, 5*f + 3*m - 61 = -22. Suppose f*q - 52 = 2*q. What are the prime factors of (q - 3/(-3))*1?
2, 7
List the prime factors of (-560)/(-24) + (-2)/6.
23
Let r(h) = -h**3 + 6*h**2 + 4. Let c(b) = 3*b**3 - 18*b**2 + b - 12. Let s(u) = -6*c(u) - 17*r(u). Let w = -11 - -15. What are the prime factors of s(w)?
2, 3
Suppose 5*a - 4*o + 12 = -8, a = -5*o + 25. Suppose a*t = -4*t + 88. List the prime factors of t.
2, 11
Let d(j) = 102*j + 8. List the prime factors of d(2).
2, 53
Suppose 0 = 5*y + o - 20 + 4, 5*y - 5*o - 40 = 0. Let p(h) = h**2 - 3*h - 1. What are the prime factors of p(y)?
3
Let a(t) = -t**3 + 10*t**2 - 8*t + 3. What are the prime factors of a(9)?
2, 3
Let z = 115 + -69. List the prime factors of z.
2, 23
What are the prime factors of (-5 - 3)/(-2)*11?
2, 11
Suppose 0 = -k + 6*k - 30. Suppose -i - i = -k. Suppose i*a - 33 = -0*a. What are the prime factors of a?
11
Let u = 33 - 18. What are the prime factors of u?
3, 5
Let o(k) = k + 2 - 5 + 2. List the prime factors of o(9).
2
Suppose 12 = -4*q - 12. List the prime factors of (2 + 33)*q/(-10).
3, 7
Suppose t + 3*s - 59 = 0, 3*t - 4*s - 98 = t. Suppose -t = -4*b - 5. List the prime factors of b.
2, 3
Let b = -19 + -19. Let s = -5 - b. List the prime factors of s.
3, 11
Let y be (-11)/(-9) + (-2)/9. Let d(o) = 10*o. What are the prime factors of d(y)?
2, 5
Let i(m) = 4*m - 5*m + 5*m. Suppose -2*z = -4*y - 18, -1 = -2*z - y - 3. What are the prime factors of i(z)?
2
Suppose 5*s - 11 = 4. Let j(g) = g**2 + 5*g + 7. Let m be j(-5). Suppose -4*w + s*w = -m. List the prime factors of w.
7
Let t(j) = j**2 - 11*j + 15. What are the prime factors of t(12)?
3
Suppose 5*m = -9 - 11. Let n(b) = -b**3 - 5*b**2 - 5*b - 2. List the prime factors of n(m).
2
Suppose -5*d + 490 = 2*z, -353 = -4*d + z + 26. List the prime factors of d.
2, 3
Let s be 9 + (-1 - 3 - -2). Let t = 16 - s. List the prime factors of t.
3
Let b be (22/(-5))/(4/20). Let p = 37 + b. What are the prime factors of p?
3, 5
Let g(n) = n**2 + 2. Let f be g(0). Suppose -48 = -5*j + 4*k, -f*k + 55 = 5*j + 19. What are the prime factors of j?
2
Suppose 0 = 2*i - 4*v - 0*v - 260, -2*i = 4*v - 236. Suppose 3*y - 4*t + i = 0, 2*y + 2*t - 44 = 3*y. What are the prime factors of (y/15)/((-1)/5)?
2, 3
Suppose 0 = v + 3*v + 8. Let x be (3 - 1)*(v + 3). Suppose 18 = 2*z + x. List the prime factors of z.
2
Let m be (-10)/6 + 3/(-9). Let o = m - -3. Suppose 0 = -2*x + 3*a + 16 - o, 4*a = 12. What are the prime factors of x?
2, 3
Let z(l) = 12*l**3 - l**2 - l. Let i be z(-1). Let p = i + 21. List the prime factors of p.
3
Let w(p) = 2*p**2 + 5*p - 21. What are the prime factors of w(-8)?
67
What are the prime factors of -7*-26*(-15)/(-21)?
2, 5, 13
What are the prime factors of (-262)/(-4) + 10/(-20)?
5, 13
Let p(d) = -d**3 + 11*d**2 + 15*d. Let o(v) = v**3 - 11*v**2 - 15*v + 1. Let m(u) = -5*o(u) - 4*p(u). What are the prime factors of m(12)?
31
Let j = 697 + -396. List the prime factors of j.
7, 43
Suppose 0*u - u - 5*d - 17 = 0, 2*u - 2*d - 26 = 0. Let g = 14 - 18. Let t = g + u. List the prime factors of t.
2
Let d be ((-1)/3)/((-1)/9). Suppose 0 = -5*z + d*z - 2. What are the prime factors of z/(2/(-16)*1)?
2
Suppose 0 = 2*u + f - 12 - 331, 4*f = 2*u - 338. List the prime factors of u.
3, 19
Suppose 0 = 2*k + 2, 2*s - k = 3*k + 98. What are the prime factors of s?
47
Suppose -2*d - 184 = -540. What are the prime factors of d?
2, 89
Let b = 14 + -6. Suppose -5*n + 2*m + 2*m - 2 = 0, -2*n + 16 = 4*m. Suppose f + f = -